{"id":1561,"date":"2024-02-07T20:29:18","date_gmt":"2024-02-07T18:29:18","guid":{"rendered":"http:\/\/nasavrkyuo.cz\/wp-content\/uploads\/Sdeleni-pro-obcany-obce-2024.pdf"},"modified":"2024-02-07T20:29:18","modified_gmt":"2024-02-07T18:29:18","slug":"sdeleni-pro-obcany-obce-2024","status":"inherit","type":"attachment","link":"https:\/\/nasavrkyuo.cz\/?attachment_id=1561","title":{"rendered":"Sd\u011blen\u00ed pro ob\u010dany obce 2024"},"author":1,"featured_media":0,"comment_status":"closed","ping_status":"closed","template":"","meta":[],"class_list":["post-1561","attachment","type-attachment","status-inherit","hentry"],"description":{"rendered":"<p class=\"attachment\"><a href='https:\/\/nasavrkyuo.cz\/wp-content\/uploads\/Sdeleni-pro-obcany-obce-2024.pdf'>Sd\u011blen\u00ed pro ob\u010dany obce 2024<\/a><\/p>\n"},"caption":{"rendered":"<p>Sd\u011blen\u00ed pro ob\u010dany obce 2024<\/p>\n"},"alt_text":"","media_type":"file","mime_type":"application\/pdf","media_details":{"filesize":52384,"sizes":{}},"post":1559,"source_url":"https:\/\/nasavrkyuo.cz\/wp-content\/uploads\/Sdeleni-pro-obcany-obce-2024.pdf","_links":{"self":[{"href":"https:\/\/nasavrkyuo.cz\/index.php?rest_route=\/wp\/v2\/media\/1561","targetHints":{"allow":["GET"]}}],"collection":[{"href":"https:\/\/nasavrkyuo.cz\/index.php?rest_route=\/wp\/v2\/media"}],"about":[{"href":"https:\/\/nasavrkyuo.cz\/index.php?rest_route=\/wp\/v2\/types\/attachment"}],"author":[{"embeddable":true,"href":"https:\/\/nasavrkyuo.cz\/index.php?rest_route=\/wp\/v2\/users\/1"}],"replies":[{"embeddable":true,"href":"https:\/\/nasavrkyuo.cz\/index.php?rest_route=%2Fwp%2Fv2%2Fcomments&post=1561"}]}}

Sdělení pro občany obce 2024

<p class="attachment"><a href='https://nasavrkyuo.cz/wp-content/uploads/Sdeleni-pro-obcany-obce-2024.pdf'>Sdělení pro občany obce 2024</a></p>

<p>Sdělení pro občany obce 2024</p>
