{"id":1609,"date":"2024-03-07T19:31:41","date_gmt":"2024-03-07T17:31:41","guid":{"rendered":"http:\/\/nasavrkyuo.cz\/wp-content\/uploads\/Navrh-zaverecneho-uctu-za-rok-2023-zverejneny-06.3.2024.pdf"},"modified":"2024-03-07T19:31:41","modified_gmt":"2024-03-07T17:31:41","slug":"navrh-zaverecneho-uctu-za-rok-2023-zverejneny-06-3-2024","status":"inherit","type":"attachment","link":"https:\/\/nasavrkyuo.cz\/?attachment_id=1609","title":{"rendered":"N\u00e1vrh z\u00e1v\u011bre\u010dn\u00e9ho \u00fa\u010dtu za rok 2023 zve\u0159ejn\u011bn\u00fd 06.3.2024"},"author":1,"featured_media":0,"comment_status":"closed","ping_status":"closed","template":"","meta":[],"class_list":["post-1609","attachment","type-attachment","status-inherit","hentry"],"description":{"rendered":"<p class=\"attachment\"><a href='https:\/\/nasavrkyuo.cz\/wp-content\/uploads\/Navrh-zaverecneho-uctu-za-rok-2023-zverejneny-06.3.2024.pdf'>N\u00e1vrh z\u00e1v\u011bre\u010dn\u00e9ho \u00fa\u010dtu za rok 2023 zve\u0159ejn\u011bn\u00fd 06.3.2024<\/a><\/p>\n"},"caption":{"rendered":"<p>N\u00e1vrh z\u00e1v\u011bre\u010dn\u00e9ho \u00fa\u010dtu za rok 2023 zve\u0159ejn\u011bn\u00fd 06.3.2024<\/p>\n"},"alt_text":"","media_type":"file","mime_type":"application\/pdf","media_details":{"filesize":89793,"sizes":{}},"post":1606,"source_url":"https:\/\/nasavrkyuo.cz\/wp-content\/uploads\/Navrh-zaverecneho-uctu-za-rok-2023-zverejneny-06.3.2024.pdf","_links":{"self":[{"href":"https:\/\/nasavrkyuo.cz\/index.php?rest_route=\/wp\/v2\/media\/1609","targetHints":{"allow":["GET"]}}],"collection":[{"href":"https:\/\/nasavrkyuo.cz\/index.php?rest_route=\/wp\/v2\/media"}],"about":[{"href":"https:\/\/nasavrkyuo.cz\/index.php?rest_route=\/wp\/v2\/types\/attachment"}],"author":[{"embeddable":true,"href":"https:\/\/nasavrkyuo.cz\/index.php?rest_route=\/wp\/v2\/users\/1"}],"replies":[{"embeddable":true,"href":"https:\/\/nasavrkyuo.cz\/index.php?rest_route=%2Fwp%2Fv2%2Fcomments&post=1609"}]}}

Návrh závěrečného účtu za rok 2023 zveřejněný 06.3.2024

<p class="attachment"><a href='https://nasavrkyuo.cz/wp-content/uploads/Navrh-zaverecneho-uctu-za-rok-2023-zverejneny-06.3.2024.pdf'>Návrh závěrečného účtu za rok 2023 zveřejněný 06.3.2024</a></p>

<p>Návrh závěrečného účtu za rok 2023 zveřejněný 06.3.2024</p>
