{"id":1908,"date":"2025-06-11T19:20:18","date_gmt":"2025-06-11T17:20:18","guid":{"rendered":"http:\/\/nasavrkyuo.cz\/wp-content\/uploads\/Navrh-zaverecneho-uctu-Mikroregionu-Vysokomytsko-za-rok-2024.pdf"},"modified":"2025-06-11T19:20:18","modified_gmt":"2025-06-11T17:20:18","slug":"navrh-zaverecneho-uctu-mikroregionu-vysokomytsko-za-rok-2024","status":"inherit","type":"attachment","link":"https:\/\/nasavrkyuo.cz\/?attachment_id=1908","title":{"rendered":"N\u00e1vrh z\u00e1v\u011bre\u010dn\u00e9ho \u00fa\u010dtu Mikroregionu Vysokom\u00fdtsko za rok 2024"},"author":1,"featured_media":0,"comment_status":"closed","ping_status":"closed","template":"","meta":[],"class_list":["post-1908","attachment","type-attachment","status-inherit","hentry"],"description":{"rendered":"<p class=\"attachment\"><a href='https:\/\/nasavrkyuo.cz\/wp-content\/uploads\/Navrh-zaverecneho-uctu-Mikroregionu-Vysokomytsko-za-rok-2024.pdf'>N\u00e1vrh z\u00e1v\u011bre\u010dn\u00e9ho \u00fa\u010dtu Mikroregionu Vysokom\u00fdtsko za rok 2024<\/a><\/p>\n"},"caption":{"rendered":"<p>N\u00e1vrh z\u00e1v\u011bre\u010dn\u00e9ho \u00fa\u010dtu Mikroregionu Vysokom\u00fdtsko za rok 2024<\/p>\n"},"alt_text":"","media_type":"file","mime_type":"application\/pdf","media_details":{"filesize":249547,"sizes":{}},"post":1907,"source_url":"https:\/\/nasavrkyuo.cz\/wp-content\/uploads\/Navrh-zaverecneho-uctu-Mikroregionu-Vysokomytsko-za-rok-2024.pdf","_links":{"self":[{"href":"https:\/\/nasavrkyuo.cz\/index.php?rest_route=\/wp\/v2\/media\/1908","targetHints":{"allow":["GET"]}}],"collection":[{"href":"https:\/\/nasavrkyuo.cz\/index.php?rest_route=\/wp\/v2\/media"}],"about":[{"href":"https:\/\/nasavrkyuo.cz\/index.php?rest_route=\/wp\/v2\/types\/attachment"}],"author":[{"embeddable":true,"href":"https:\/\/nasavrkyuo.cz\/index.php?rest_route=\/wp\/v2\/users\/1"}],"replies":[{"embeddable":true,"href":"https:\/\/nasavrkyuo.cz\/index.php?rest_route=%2Fwp%2Fv2%2Fcomments&post=1908"}]}}

Návrh závěrečného účtu Mikroregionu Vysokomýtsko za rok 2024

<p class="attachment"><a href='https://nasavrkyuo.cz/wp-content/uploads/Navrh-zaverecneho-uctu-Mikroregionu-Vysokomytsko-za-rok-2024.pdf'>Návrh závěrečného účtu Mikroregionu Vysokomýtsko za rok 2024</a></p>

<p>Návrh závěrečného účtu Mikroregionu Vysokomýtsko za rok 2024</p>
